ate the greatest common factor of 908 and 293511.
227
What is the highest common divisor of 12319 and 1143?
127
Calculate the greatest common divisor of 44503 and 573.
191
Calculate the highest common factor of 6707 and 5648.
353
Calculate the highest common divisor of 5 and 86465.
5
Calculate the highest common factor of 27 and 47583.
9
What is the greatest common factor of 324 and 8586?
162
What is the greatest common factor of 19452 and 12?
12
Calculate the highest common divisor of 5306 and 10514.
14
Calculate the highest common factor of 108758 and 470.
94
What is the highest common factor of 6410 and 310?
10
Calculate the highest common divisor of 203613 and 201.
201
What is the greatest common divisor of 209 and 2464?
11
What is the greatest common factor of 20124 and 447372?
1548
Calculate the greatest common divisor of 3499710 and 30.
30
Calculate the highest common divisor of 627 and 35093.
19
What is the greatest common divisor of 66 and 254991?
33
What is the highest common factor of 8 and 26644?
4
Calculate the highest common divisor of 1032 and 1329732.
516
What is the highest common factor of 77 and 3248?
7
What is the greatest common factor of 6942 and 8502?
78
Calculate the highest common divisor of 63873 and 2538.
423
Calculate the greatest common factor of 476 and 57764.
28
What is the greatest common divisor of 78 and 52286?
26
What is the highest common divisor of 20032 and 32?
32
Calculate the highest common factor of 1950 and 48550.
50
What is the greatest common divisor of 37510 and 29326?
682
What is the highest common divisor of 115664 and 16?
16
Calculate the greatest common divisor of 23125 and 8125.
625
Calculate the highest common factor of 10385 and 1240.
155
Calculate the greatest common factor of 108 and 55548.
36
Calculate the greatest common factor of 2805 and 480.
15
Calculate the highest common factor of 920 and 575000.
920
Calculate the greatest common factor of 116 and 103762.
58
What is the greatest common factor of 60 and 62454?
6
Calculate the greatest common factor of 78589 and 13699.
721
What is the greatest common factor of 366508 and 59?
59
Calculate the greatest common divisor of 48276 and 2268.
324
What is the highest common divisor of 28240 and 50?
10
Calculate the greatest common divisor of 30532 and 128.
4
What is the greatest common factor of 85101 and 114?
57
Calculate the greatest common divisor of 221 and 36567.
17
What is the greatest common factor of 344 and 294808?
344
Calculate the greatest common divisor of 288766 and 4.
2
Calculate the highest common divisor of 458670 and 510.
30
What is the greatest common divisor of 2413 and 150749?
127
Calculate the greatest common factor of 5206 and 777064.
274
What is the highest common divisor of 16 and 343192?
8
Calculate the highest common divisor of 7 and 444689.
7
What is the highest common divisor of 861568 and 1272?
424
What is the greatest common factor of 68 and 375581?
17
What is the highest common factor of 44 and 1004?
4
Calculate the greatest common divisor of 548 and 500187.
137
What is the greatest common factor of 3 and 20085?
3
What is the highest common divisor of 4 and 9024?
4
What is the highest common divisor of 61180 and 437?
437
What is the greatest common factor of 956 and 724?
4
Calculate the highest common factor of 83 and 24900.
83
What is the greatest common divisor of 144 and 16596?
36
What is the greatest common factor of 927 and 1287?
9
Calculate the highest common divisor of 16241 and 2507.
109
What is the greatest common divisor of 1490202 and 378?
126
What is the greatest common divisor of 164 and 3582334?
82
Calculate the greatest common factor of 14214 and 30282.
618
Calculate the highest common divisor of 26324 and 116.
4
Calculate the greatest common factor of 7171 and 404.
101
What is the highest common divisor of 8399 and 703?
37
What is the highest common factor of 75 and 155508?
3
What is the highest common divisor of 97152 and 264?
264
What is the highest common divisor of 211 and 259952?
211
Calculate the highest common factor of 135732 and 12.
12
What is the highest common divisor of 123297 and 657?
219
What is the greatest common divisor of 145407 and 4161?
57
Calculate the greatest common divisor of 17413 and 660.
11
What is the greatest common factor of 548248 and 8?
8
What is the highest common divisor of 840 and 161?
7
Calculate the greatest common divisor of 188 and 240.
4
What is the greatest common factor of 363089 and 283?
283
What is the greatest common divisor of 10714 and 1826?
22
Calculate the greatest common divisor of 54 and 9552.
6
What is the highest common factor of 472 and 251871?
59
Calculate the highest common factor of 94125 and 15.
15
Calculate the greatest common divisor of 18288 and 3312.
144
What is the greatest common divisor of 750 and 9325?
25
What is the greatest common divisor of 26680 and 322?
46
Calculate the highest common factor of 276 and 2916.
12
What is the greatest common factor of 4512 and 16?
16
What is the highest common divisor of 70 and 5850?
10
What is the greatest common divisor of 3801492 and 243?
243
Calculate the highest common divisor of 14841 and 2907.
153
What is the greatest common factor of 1948 and 38473?
487
Calculate the highest common factor of 9864 and 1165048.
1096
What is the highest common factor of 407353 and 445?
89
Calculate the greatest common factor of 64448 and 2650.
106
Calculate the greatest common factor of 1290 and 354105.
645
Calculate the greatest common factor of 4041224 and 38.
38
What is the greatest common factor of 39 and 6201949?
13
What is the highest common factor of 637534 and 5202?
578
What is the highest common divisor of 470890 and 490?
490
What is the highest common divisor of 18238 and 996458?
1658
Calculate the greatest common factor of 1908 and 7164.
36
Calculate the highest common factor of 6984 and 10200.
24
Calculate the highest common divisor of 1939 and 161.
7
What is the greatest common factor of 54 and 192429?
27
What is the highest common divisor of 663280 and 10?
10
What is the greatest common factor of 176 and 494384?
176
Calculate the greatest common factor of 177882 and 966.
138
Calculate the greatest common divisor of 52273 and 13.
13
What is the highest common divisor of 105 and 733215?
105
What is the greatest common factor of 873028 and 1304?
652
Calculate the highest common divisor of 14982 and 15378.
66
Calculate the greatest common divisor of 1808 and 9153.
113
Calculate the greatest common factor of 4641558 and 3372.
1686
Calculate the greatest common factor of 144443 and 2665.
533
What is the highest common divisor of 29621 and 2?
1
Calculate the greatest common factor of 32 and 261728.
32
Calculate the greatest common divisor of 2694 and 138741.
1347
Calculate the highest common factor of 26289 and 7314.
69
What is the greatest common divisor of 598 and 1521013?
299
Calculate the highest common divisor of 108162 and 216.
54
What is the highest common divisor of 42656 and 4000?
32
Calculate the highest common divisor of 17741 and 226.
113
Calculate the highest common factor of 7 and 242242.
7
Calculate the greatest common factor of 11249 and 2667.
7
What is the highest common divisor of 49 and 683718?
7
Calculate the greatest common factor of 3278 and 165.
11
What is the highest common factor of 51 and 3791?
17
What is the highest common divisor of 786 and 922502?
262
Calculate the greatest common factor of 753 and 208079.
251
Calculate the highest common divisor of 17619 and 217.
7
Calculate the greatest common divisor of 6596434 and 962.
962
What is the highest common factor of 669436 and 348?
116
Calculate the greatest common divisor of 932 and 1067839.
233
Calculate the greatest common divisor of 175639 and 101.
101
What is the highest common factor of 3485890 and 5385?
1795
Calculate the highest common divisor of 83887 and 3725.
149
Calculate the highest common divisor of 1731353 and 2522.
1261
What is the highest common divisor of 22300 and 1225?
25
Calculate the highest common factor of 274 and 48.
2
Calculate the highest common factor of 418 and 6878.
38
What is the greatest common factor of 5 and 793735?
5
What is the greatest common divisor of 35535 and 3105?
345
What is the hi